{"id":6038,"date":"2023-01-05T19:10:03","date_gmt":"2023-01-05T18:10:03","guid":{"rendered":"https:\/\/www.acnc35.com\/cyclos\/?page_id=6038"},"modified":"2026-01-17T17:33:07","modified_gmt":"2026-01-17T16:33:07","slug":"souvenir-louison-bobet","status":"publish","type":"page","link":"https:\/\/www.acnc35.com\/cyclos\/index.php\/souvenir-louison-bobet\/","title":{"rendered":"Souvenir Louison BOBET"},"content":{"rendered":"\n<div class=\"wp-block-columns is-layout-flex wp-container-core-columns-is-layout-9d6595d7 wp-block-columns-is-layout-flex\">\n<div class=\"wp-block-column is-layout-flow wp-block-column-is-layout-flow\" style=\"flex-basis:100%\">\n<div class=\"wp-block-columns is-layout-flex wp-container-core-columns-is-layout-9d6595d7 wp-block-columns-is-layout-flex\">\n<div class=\"wp-block-column is-layout-flow wp-block-column-is-layout-flow\" style=\"flex-basis:100%\">\n<div class=\"wp-block-columns is-layout-flex wp-container-core-columns-is-layout-9d6595d7 wp-block-columns-is-layout-flex\">\n<div class=\"wp-block-column is-layout-flow wp-block-column-is-layout-flow\" style=\"flex-basis:100%\">\n<div class=\"wp-block-group\"><div class=\"wp-block-group__inner-container is-layout-constrained wp-block-group-is-layout-constrained\"><div id=\"pl-gb6038-69ffa2a45e627\"  class=\"panel-layout wp-block-siteorigin-panels-layout-block panel-layout\" ><div id=\"pg-gb6038-69ffa2a45e627-0\"  class=\"panel-grid panel-no-style\" ><div id=\"pgc-gb6038-69ffa2a45e627-0-0\"  class=\"panel-grid-cell\" ><div id=\"panel-gb6038-69ffa2a45e627-0-0-0\" class=\"so-panel widget widget_sow-editor panel-first-child\" data-index=\"0\" ><div\n\t\t\t\n\t\t\tclass=\"so-widget-sow-editor so-widget-sow-editor-base\"\n\t\t\t\n\t\t><h3 class=\"widget-title\">SOUVENIR LOUISON BOBET<\/h3>\n<div class=\"siteorigin-widget-tinymce textwidget\">\n\t<p><img loading=\"lazy\" decoding=\"async\" class=\"size-full wp-image-6050 alignleft\" src=\"https:\/\/www.acnc35.com\/cyclos\/wp-content\/uploads\/2023\/01\/bobet.jpg\" alt=\"\" width=\"148\" height=\"163\"\/><\/p>\n<p>Le Souvenir LOUISON BOBET est organis\u00e9 chaque ann\u00e9e un Week end de mars, il est devenu un rendez-vous incontournable en Bretagne.<\/p>\n<p>Cette course \u00e0 travers le canton de Bruz (35) offre l&rsquo;occasion aux coureurs amateurs de d\u00e9montrer avec panache leur potentiel en vue de rejoindre les pelotons professionnels.<\/p>\n<p style=\"text-align: center;\"><strong>Exceptionnellement le Souvenir Louison BOBET r\u00e9serv\u00e9 aux coureurs \u00e9lites&nbsp; 2026 n&rsquo;aura pas lieu pour cause d&rsquo;\u00e9lections municipales<\/strong><\/p>\n<h1>Informations<\/h1>\n<p>&nbsp;<\/p>\n<\/div>\n<\/div><\/div><div id=\"panel-gb6038-69ffa2a45e627-0-0-1\" class=\"so-panel widget widget_text\" data-index=\"1\" >\t\t\t<div class=\"textwidget\"><div class=\"su-accordion su-u-trim\"><\/div>\n<div class=\"su-spoiler su-spoiler-style-default su-spoiler-icon-plus\" data-scroll-offset=\"0\" data-anchor-in-url=\"no\"><div class=\"su-spoiler-title\" tabindex=\"0\" role=\"button\"><span class=\"su-spoiler-icon\"><\/span>2025<\/div><div class=\"su-spoiler-content su-u-clearfix su-u-trim\"><\/p>\n<p>\n<!-- G\u00e9n\u00e9ration r\u00e9alis\u00e9e avec Document Gallery. Obtenez votre version ici :http:\/\/wordpress.org\/extend\/plugins\/document-gallery -->\n<div id=\"document-gallery-1\" class=\"document-gallery\" data-shortcode='{\"id\":-1,\"include\":\"15807\",\"exclude\":\"\",\"attachment_pg\":false,\"columns\":1,\"descriptions\":false,\"fancy\":true,\"limit\":-1,\"mime_types\":\"application,video,text,audio,image\",\"new_window\":true,\"order\":\"ASC\",\"orderby\":\"post__in\",\"paginate\":true,\"post_status\":\"any\",\"post_type\":\"attachment\",\"relation\":\"AND\",\"skip\":0}' style='--dg-icon-width: 99%'>\n<div class='document-icon-row'>\n   <div class=\"document-icon\">\n      <a href=\"https:\/\/www.acnc35.com\/cyclos\/wp-content\/uploads\/2025\/03\/ClassementSouvenir-1.pdf\" target=\"_blank\">\n         <img decoding=\"async\" src=\"https:\/\/www.acnc35.com\/cyclos\/wp-content\/uploads\/2025\/03\/ClassementSouvenir-1-thumb.png\" title=\"ClassementSouvenir\" alt=\"ClassementSouvenir\" data-ext=\"pdf\"\/>\n         <span class=\"title\">ClassementSouvenir<\/span>\n      <\/a>\n   <\/div>\n\n<\/div>\n<\/div><\/p>\n<p><strong>La galerie photo<\/strong><\/p>\n<p>ngg_shortcode_0_placeholder<\/p>\n<p>\n<!-- G\u00e9n\u00e9ration r\u00e9alis\u00e9e avec Document Gallery. Obtenez votre version ici :http:\/\/wordpress.org\/extend\/plugins\/document-gallery -->\n<div id=\"document-gallery-2\" class=\"document-gallery\" data-shortcode='{\"id\":-1,\"include\":\"15793\",\"exclude\":\"\",\"attachment_pg\":false,\"columns\":1,\"descriptions\":false,\"fancy\":true,\"limit\":-1,\"mime_types\":\"application,video,text,audio,image\",\"new_window\":true,\"order\":\"ASC\",\"orderby\":\"post__in\",\"paginate\":true,\"post_status\":\"any\",\"post_type\":\"attachment\",\"relation\":\"AND\",\"skip\":0}' style='--dg-icon-width: 99%'>\n<div class='document-icon-row'>\n   <div class=\"document-icon\">\n      <a href=\"https:\/\/www.acnc35.com\/cyclos\/wp-content\/uploads\/2025\/02\/BOBET-G-tech2-Elite-2025.pdf\" target=\"_blank\">\n         <img decoding=\"async\" src=\"https:\/\/www.acnc35.com\/cyclos\/wp-content\/uploads\/2025\/02\/BOBET-G-tech2-Elite-2025-thumb.png\" title=\"Dossier technique Souvenir Elite 2025\" alt=\"Dossier technique Souvenir Elite 2025\" data-ext=\"pdf\"\/>\n         <span class=\"title\">Dossier technique Souvenir Elite 2025<\/span>\n      <\/a>\n   <\/div>\n\n<\/div>\n<\/div><\/p>\n<p>&nbsp;<\/p>\n<p>&nbsp;<\/p>\n<p><\/div><\/div>\n<div class=\"su-spoiler su-spoiler-style-default su-spoiler-icon-plus su-spoiler-closed\" data-scroll-offset=\"0\" data-anchor-in-url=\"no\"><div class=\"su-spoiler-title\" tabindex=\"0\" role=\"button\"><span class=\"su-spoiler-icon\"><\/span>2024<\/div><div class=\"su-spoiler-content su-u-clearfix su-u-trim\"><\/p>\n<p>\n<!-- G\u00e9n\u00e9ration r\u00e9alis\u00e9e avec Document Gallery. Obtenez votre version ici :http:\/\/wordpress.org\/extend\/plugins\/document-gallery -->\n<div id=\"document-gallery-3\" class=\"document-gallery\" data-shortcode='{\"id\":-1,\"include\":\"15284\",\"exclude\":\"\",\"attachment_pg\":false,\"columns\":1,\"descriptions\":false,\"fancy\":true,\"limit\":-1,\"mime_types\":\"application,video,text,audio,image\",\"new_window\":true,\"order\":\"ASC\",\"orderby\":\"post__in\",\"paginate\":true,\"post_status\":\"any\",\"post_type\":\"attachment\",\"relation\":\"AND\",\"skip\":0}' style='--dg-icon-width: 99%'>\n<div class='document-icon-row'>\n   <div class=\"document-icon\">\n      <a href=\"https:\/\/www.acnc35.com\/cyclos\/wp-content\/uploads\/2024\/02\/SOUVENIR-LOUISON-BOBET-2024.pdf\" target=\"_blank\">\n         <img decoding=\"async\" src=\"https:\/\/www.acnc35.com\/cyclos\/wp-content\/uploads\/2024\/02\/SOUVENIR-LOUISON-BOBET-2024-thumb.png\" title=\"Dossier SOUVENIR LOUISON BOBET 2024\" alt=\"Dossier SOUVENIR LOUISON BOBET 2024\" data-ext=\"pdf\"\/>\n         <span class=\"title\">Dossier SOUVENIR LOUISON BOBET 2024<\/span>\n      <\/a>\n   <\/div>\n\n<\/div>\n<\/div><\/p>\n<p>&nbsp;<\/p>\n<p><figure id=\"attachment_15243\" aria-describedby=\"caption-attachment-15243\" style=\"width: 541px\" class=\"wp-caption aligncenter\"><img loading=\"lazy\" decoding=\"async\" class=\"wp-image-15243\" src=\"https:\/\/www.acnc35.com\/cyclos\/wp-content\/uploads\/2023\/12\/circuit-Souvenir-Louison-Bobet-239x300.png\" alt=\"\" width=\"541\" height=\"678\" \/><figcaption id=\"caption-attachment-15243\" class=\"wp-caption-text\"><strong>Circuit du souvenir<\/strong><\/figcaption><\/figure><\/p>\n<p><strong>Classement<\/strong><\/p>\n<p>\n<!-- G\u00e9n\u00e9ration r\u00e9alis\u00e9e avec Document Gallery. Obtenez votre version ici :http:\/\/wordpress.org\/extend\/plugins\/document-gallery -->\n<div id=\"document-gallery-4\" class=\"document-gallery\" data-shortcode='{\"id\":-1,\"include\":\"15295\",\"exclude\":\"\",\"attachment_pg\":false,\"columns\":1,\"descriptions\":false,\"fancy\":true,\"limit\":-1,\"mime_types\":\"application,video,text,audio,image\",\"new_window\":true,\"order\":\"ASC\",\"orderby\":\"post__in\",\"paginate\":true,\"post_status\":\"any\",\"post_type\":\"attachment\",\"relation\":\"AND\",\"skip\":0}' style='--dg-icon-width: 99%'>\n<div class='document-icon-row'>\n   <div class=\"document-icon\">\n      <a href=\"https:\/\/www.acnc35.com\/cyclos\/wp-content\/uploads\/2024\/03\/classement.pdf\" target=\"_blank\">\n         <img decoding=\"async\" src=\"https:\/\/www.acnc35.com\/cyclos\/wp-content\/uploads\/2024\/03\/classement-thumb.png\" title=\"classement)\" alt=\"classement)\" data-ext=\"pdf\"\/>\n         <span class=\"title\">classement)<\/span>\n      <\/a>\n   <\/div>\n\n<\/div>\n<\/div><\/p>\n<p>&nbsp;<\/p>\n<p><div id='gallery-1' class='gallery galleryid-0 gallery-columns-3 gallery-size-thumbnail'><figure class='gallery-item'>\n\t\t\t<div class='gallery-icon landscape'>\n\t\t\t\t<a href='https:\/\/www.acnc35.com\/cyclos\/index.php\/souvenir-louison-bobet\/img_20240309_171512\/'><img loading=\"lazy\" decoding=\"async\" width=\"150\" height=\"150\" src=\"https:\/\/www.acnc35.com\/cyclos\/wp-content\/uploads\/2024\/03\/IMG_20240309_171512-150x150.jpg\" class=\"attachment-thumbnail size-thumbnail\" alt=\"\" srcset=\"https:\/\/www.acnc35.com\/cyclos\/wp-content\/uploads\/2024\/03\/IMG_20240309_171512-150x150.jpg 150w, https:\/\/www.acnc35.com\/cyclos\/wp-content\/uploads\/2024\/03\/IMG_20240309_171512-100x100.jpg 100w\" sizes=\"auto, 100vw\" \/><\/a>\n\t\t\t<\/div><\/figure><figure class='gallery-item'>\n\t\t\t<div class='gallery-icon landscape'>\n\t\t\t\t<a href='https:\/\/www.acnc35.com\/cyclos\/index.php\/souvenir-louison-bobet\/img_20240309_171616\/'><img loading=\"lazy\" decoding=\"async\" width=\"150\" height=\"150\" src=\"https:\/\/www.acnc35.com\/cyclos\/wp-content\/uploads\/2024\/03\/IMG_20240309_171616-150x150.jpg\" class=\"attachment-thumbnail size-thumbnail\" alt=\"\" srcset=\"https:\/\/www.acnc35.com\/cyclos\/wp-content\/uploads\/2024\/03\/IMG_20240309_171616-150x150.jpg 150w, https:\/\/www.acnc35.com\/cyclos\/wp-content\/uploads\/2024\/03\/IMG_20240309_171616-100x100.jpg 100w\" sizes=\"auto, 100vw\" \/><\/a>\n\t\t\t<\/div><\/figure><figure class='gallery-item'>\n\t\t\t<div class='gallery-icon landscape'>\n\t\t\t\t<a href='https:\/\/www.acnc35.com\/cyclos\/index.php\/souvenir-louison-bobet\/img_20240309_171821\/'><img loading=\"lazy\" decoding=\"async\" width=\"150\" height=\"150\" src=\"https:\/\/www.acnc35.com\/cyclos\/wp-content\/uploads\/2024\/03\/IMG_20240309_171821-150x150.jpg\" class=\"attachment-thumbnail size-thumbnail\" alt=\"\" srcset=\"https:\/\/www.acnc35.com\/cyclos\/wp-content\/uploads\/2024\/03\/IMG_20240309_171821-150x150.jpg 150w, https:\/\/www.acnc35.com\/cyclos\/wp-content\/uploads\/2024\/03\/IMG_20240309_171821-100x100.jpg 100w\" sizes=\"auto, 100vw\" \/><\/a>\n\t\t\t<\/div><\/figure><figure class='gallery-item'>\n\t\t\t<div class='gallery-icon landscape'>\n\t\t\t\t<a href='https:\/\/www.acnc35.com\/cyclos\/index.php\/souvenir-louison-bobet\/img_20240309_171903\/'><img loading=\"lazy\" decoding=\"async\" width=\"150\" height=\"150\" src=\"https:\/\/www.acnc35.com\/cyclos\/wp-content\/uploads\/2024\/03\/IMG_20240309_171903-150x150.jpg\" class=\"attachment-thumbnail size-thumbnail\" alt=\"\" srcset=\"https:\/\/www.acnc35.com\/cyclos\/wp-content\/uploads\/2024\/03\/IMG_20240309_171903-150x150.jpg 150w, https:\/\/www.acnc35.com\/cyclos\/wp-content\/uploads\/2024\/03\/IMG_20240309_171903-100x100.jpg 100w\" sizes=\"auto, 100vw\" \/><\/a>\n\t\t\t<\/div><\/figure><figure class='gallery-item'>\n\t\t\t<div class='gallery-icon landscape'>\n\t\t\t\t<a href='https:\/\/www.acnc35.com\/cyclos\/index.php\/souvenir-louison-bobet\/img_20240309_172225\/'><img loading=\"lazy\" decoding=\"async\" width=\"150\" height=\"150\" src=\"https:\/\/www.acnc35.com\/cyclos\/wp-content\/uploads\/2024\/03\/IMG_20240309_172225-150x150.jpg\" class=\"attachment-thumbnail size-thumbnail\" alt=\"\" srcset=\"https:\/\/www.acnc35.com\/cyclos\/wp-content\/uploads\/2024\/03\/IMG_20240309_172225-150x150.jpg 150w, https:\/\/www.acnc35.com\/cyclos\/wp-content\/uploads\/2024\/03\/IMG_20240309_172225-100x100.jpg 100w\" sizes=\"auto, 100vw\" \/><\/a>\n\t\t\t<\/div><\/figure><figure class='gallery-item'>\n\t\t\t<div class='gallery-icon landscape'>\n\t\t\t\t<a href='https:\/\/www.acnc35.com\/cyclos\/index.php\/souvenir-louison-bobet\/img_20240309_172230\/'><img loading=\"lazy\" decoding=\"async\" width=\"150\" height=\"150\" src=\"https:\/\/www.acnc35.com\/cyclos\/wp-content\/uploads\/2024\/03\/IMG_20240309_172230-150x150.jpg\" class=\"attachment-thumbnail size-thumbnail\" alt=\"\" srcset=\"https:\/\/www.acnc35.com\/cyclos\/wp-content\/uploads\/2024\/03\/IMG_20240309_172230-150x150.jpg 150w, https:\/\/www.acnc35.com\/cyclos\/wp-content\/uploads\/2024\/03\/IMG_20240309_172230-100x100.jpg 100w\" sizes=\"auto, 100vw\" \/><\/a>\n\t\t\t<\/div><\/figure><figure class='gallery-item'>\n\t\t\t<div class='gallery-icon landscape'>\n\t\t\t\t<a href='https:\/\/www.acnc35.com\/cyclos\/index.php\/souvenir-louison-bobet\/img_20240309_172240\/'><img loading=\"lazy\" decoding=\"async\" width=\"150\" height=\"150\" src=\"https:\/\/www.acnc35.com\/cyclos\/wp-content\/uploads\/2024\/03\/IMG_20240309_172240-150x150.jpg\" class=\"attachment-thumbnail size-thumbnail\" alt=\"\" srcset=\"https:\/\/www.acnc35.com\/cyclos\/wp-content\/uploads\/2024\/03\/IMG_20240309_172240-150x150.jpg 150w, https:\/\/www.acnc35.com\/cyclos\/wp-content\/uploads\/2024\/03\/IMG_20240309_172240-100x100.jpg 100w\" sizes=\"auto, 100vw\" \/><\/a>\n\t\t\t<\/div><\/figure><figure class='gallery-item'>\n\t\t\t<div class='gallery-icon landscape'>\n\t\t\t\t<a href='https:\/\/www.acnc35.com\/cyclos\/index.php\/souvenir-louison-bobet\/img_20240309_172247\/'><img loading=\"lazy\" decoding=\"async\" width=\"150\" height=\"150\" src=\"https:\/\/www.acnc35.com\/cyclos\/wp-content\/uploads\/2024\/03\/IMG_20240309_172247-150x150.jpg\" class=\"attachment-thumbnail size-thumbnail\" alt=\"\" srcset=\"https:\/\/www.acnc35.com\/cyclos\/wp-content\/uploads\/2024\/03\/IMG_20240309_172247-150x150.jpg 150w, https:\/\/www.acnc35.com\/cyclos\/wp-content\/uploads\/2024\/03\/IMG_20240309_172247-100x100.jpg 100w\" sizes=\"auto, 100vw\" \/><\/a>\n\t\t\t<\/div><\/figure>\n\t\t<\/div>\n<\/p>\n<p>&nbsp;<\/p>\n<p><\/div><\/div>\n<div class=\"su-spoiler su-spoiler-style-default su-spoiler-icon-plus su-spoiler-closed\" data-scroll-offset=\"0\" data-anchor-in-url=\"no\"><div class=\"su-spoiler-title\" tabindex=\"0\" role=\"button\"><span class=\"su-spoiler-icon\"><\/span>2023<\/div><div class=\"su-spoiler-content su-u-clearfix su-u-trim\"><\/p>\n<p><img loading=\"lazy\" decoding=\"async\" class=\"aligncenter wp-image-14863 size-full\" src=\"https:\/\/www.acnc35.com\/cyclos\/wp-content\/uploads\/2023\/03\/IMG_20230311_171612-scaled.jpg\" alt=\"\" width=\"1915\" height=\"2560\" srcset=\"https:\/\/www.acnc35.com\/cyclos\/wp-content\/uploads\/2023\/03\/IMG_20230311_171612-scaled.jpg 1915w, https:\/\/www.acnc35.com\/cyclos\/wp-content\/uploads\/2023\/03\/IMG_20230311_171612-224x300.jpg 224w, https:\/\/www.acnc35.com\/cyclos\/wp-content\/uploads\/2023\/03\/IMG_20230311_171612-766x1024.jpg 766w, https:\/\/www.acnc35.com\/cyclos\/wp-content\/uploads\/2023\/03\/IMG_20230311_171612-768x1027.jpg 768w, https:\/\/www.acnc35.com\/cyclos\/wp-content\/uploads\/2023\/03\/IMG_20230311_171612-600x802.jpg 600w, https:\/\/www.acnc35.com\/cyclos\/wp-content\/uploads\/2023\/03\/IMG_20230311_171612-1149x1536.jpg 1149w, https:\/\/www.acnc35.com\/cyclos\/wp-content\/uploads\/2023\/03\/IMG_20230311_171612-1532x2048.jpg 1532w, https:\/\/www.acnc35.com\/cyclos\/wp-content\/uploads\/2023\/03\/IMG_20230311_171612-1320x1765.jpg 1320w\" sizes=\"auto, (max-width: 767px) 89vw, (max-width: 1000px) 54vw, (max-width: 1071px) 543px, 580px\" \/><\/p>\n<p>\n<!-- G\u00e9n\u00e9ration r\u00e9alis\u00e9e avec Document Gallery. Obtenez votre version ici :http:\/\/wordpress.org\/extend\/plugins\/document-gallery -->\n<div id=\"document-gallery-5\" class=\"document-gallery\" data-shortcode='{\"id\":-1,\"include\":\"13054,14869,14877\",\"exclude\":\"\",\"attachment_pg\":false,\"columns\":3,\"descriptions\":false,\"fancy\":true,\"limit\":-1,\"mime_types\":\"application,video,text,audio,image\",\"new_window\":true,\"order\":\"ASC\",\"orderby\":\"post__in\",\"paginate\":true,\"post_status\":\"any\",\"post_type\":\"attachment\",\"relation\":\"AND\",\"skip\":0}' style='--dg-icon-width: 32%'>\n<div class='document-icon-row'>\n   <div class=\"document-icon\">\n      <a href=\"https:\/\/www.acnc35.com\/cyclos\/wp-content\/uploads\/2023\/02\/BOBET-G-tech2-Elite-2023.pdf\" target=\"_blank\">\n         <img decoding=\"async\" src=\"https:\/\/www.acnc35.com\/cyclos\/wp-content\/uploads\/2023\/02\/BOBET-G-tech2-Elite-2023-thumb.png\" title=\"Dossier technique\" alt=\"Dossier technique\" data-ext=\"pdf\"\/>\n         <span class=\"title\">Dossier technique<\/span>\n      <\/a>\n   <\/div>\n   <div class=\"document-icon\">\n      <a href=\"https:\/\/www.acnc35.com\/cyclos\/wp-content\/uploads\/2023\/03\/Resultat-Souvenir-Louison-Bobet-2023.pdf\" target=\"_blank\">\n         <img decoding=\"async\" src=\"https:\/\/www.acnc35.com\/cyclos\/wp-content\/uploads\/2023\/03\/Resultat-Souvenir-Louison-Bobet-2023-thumb.png\" title=\"R\u00e9sultat Souvenir Louison Bobet 2023\" alt=\"R\u00e9sultat Souvenir Louison Bobet 2023\" data-ext=\"pdf\"\/>\n         <span class=\"title\">R\u00e9sultat Souvenir Louison Bobet 2023<\/span>\n      <\/a>\n   <\/div>\n   <div class=\"document-icon\">\n      <a href=\"https:\/\/www.acnc35.com\/cyclos\/wp-content\/uploads\/2023\/03\/RESULTATS-OPEN-2-3-ACCESS-1-2.pdf\" target=\"_blank\">\n         <img decoding=\"async\" src=\"https:\/\/www.acnc35.com\/cyclos\/wp-content\/uploads\/2023\/03\/RESULTATS-OPEN-2-3-ACCESS-1-2-thumb.png\" title=\"RESULTATS OPEN 2-3 + ACCESS 1-2\" alt=\"RESULTATS OPEN 2-3 + ACCESS 1-2\" data-ext=\"pdf\"\/>\n         <span class=\"title\">RESULTATS OPEN 2-3 + ACCESS 1-2<\/span>\n      <\/a>\n   <\/div>\n\n<\/div>\n<\/div><\/p>\n<p>&nbsp;<\/p>\n<p>ngg_shortcode_1_placeholder<\/p>\n<p><\/div><\/div>\n<p>&nbsp;<\/p>\n<\/div>\n\t\t<\/div><div id=\"panel-gb6038-69ffa2a45e627-0-0-2\" class=\"so-panel widget widget_sow-editor panel-last-child\" data-index=\"2\" ><div\n\t\t\t\n\t\t\tclass=\"so-widget-sow-editor so-widget-sow-editor-base\"\n\t\t\t\n\t\t>\n<div class=\"siteorigin-widget-tinymce textwidget\">\n\t<h1>Les anciens vainqueurs<\/h1>\n\n<table id=\"tablepress-2\" class=\"tablepress tablepress-id-2\">\n<thead>\n<tr class=\"row-1\">\n\t<th class=\"column-1\">Ann\u00e9e<\/th><th class=\"column-2\">Vainqueur<\/th><th class=\"column-3\">Club<\/th>\n<\/tr>\n<\/thead>\n<tbody class=\"row-striping row-hover\">\n<tr class=\"row-2\">\n\t<td class=\"column-1\">2025<\/td><td class=\"column-2\">FOX Matthew<\/td><td class=\"column-3\">VC Rouen 76<\/td>\n<\/tr>\n<tr class=\"row-3\">\n\t<td class=\"column-1\">2024<\/td><td class=\"column-2\">RENAULT Maxime<\/td><td class=\"column-3\">VC Avranche<\/td>\n<\/tr>\n<tr class=\"row-4\">\n\t<td class=\"column-1\">2023<\/td><td class=\"column-2\">ARMET lan<\/td><td class=\"column-3\">Dinan Sport Cycling<\/td>\n<\/tr>\n<tr class=\"row-5\">\n\t<td class=\"column-1\">2022<\/td><td class=\"column-2\">LE BERRE Mathis<\/td><td class=\"column-3\">C\u00f4tes d\u2019Armor-Marie Morin-U<\/td>\n<\/tr>\n<tr class=\"row-6\">\n\t<td class=\"column-1\">2021<\/td><td class=\"column-2\">Annul\u00e9<\/td><td class=\"column-3\"><\/td>\n<\/tr>\n<tr class=\"row-7\">\n\t<td class=\"column-1\">2020<\/td><td class=\"column-2\">Annul\u00e9<\/td><td class=\"column-3\">covid-19<\/td>\n<\/tr>\n<tr class=\"row-8\">\n\t<td class=\"column-1\">2019<\/td><td class=\"column-2\">RENAULT Maxime<\/td><td class=\"column-3\">Team Fybolia Locmin\u00e9<\/td>\n<\/tr>\n<tr class=\"row-9\">\n\t<td class=\"column-1\">2018<\/td><td class=\"column-2\">GUEGAN Ma\u00ebl <\/td><td class=\"column-3\">Sojasun espoir ACNC<\/td>\n<\/tr>\n<tr class=\"row-10\">\n\t<td class=\"column-1\">2017<\/td><td class=\"column-2\">PATOUX Cyrille<\/td><td class=\"column-3\">VC Pays de Loud\u00e9ac<\/td>\n<\/tr>\n<tr class=\"row-11\">\n\t<td class=\"column-1\">2016<\/td><td class=\"column-2\">LE LAVANDIER Mathieu<\/td><td class=\"column-3\">Sojasun espoir ACNC<\/td>\n<\/tr>\n<tr class=\"row-12\">\n\t<td class=\"column-1\">2015<\/td><td class=\"column-2\">BONNAMOUR Franck<\/td><td class=\"column-3\">BIC 2000<\/td>\n<\/tr>\n<tr class=\"row-13\">\n\t<td class=\"column-1\">2014<\/td><td class=\"column-2\">LOUBET Julien<\/td><td class=\"column-3\">CSC Blagnac V\u00e9lo sport 31<\/td>\n<\/tr>\n<tr class=\"row-14\">\n\t<td class=\"column-1\">2013<\/td><td class=\"column-2\">OLEJNIK Mickael<\/td><td class=\"column-3\">USSA PAVILLY BARENTIN<\/td>\n<\/tr>\n<tr class=\"row-15\">\n\t<td class=\"column-1\">2012<\/td><td class=\"column-2\">DANIEL Maxime<\/td><td class=\"column-3\">SOJASUN Espoir ACNC<\/td>\n<\/tr>\n<tr class=\"row-16\">\n\t<td class=\"column-1\">2011<\/td><td class=\"column-2\">MEDEREL Maxime<\/td><td class=\"column-3\">Big Mat AUBER 93<\/td>\n<\/tr>\n<tr class=\"row-17\">\n\t<td class=\"column-1\">2010<\/td><td class=\"column-2\">POUX Paul<\/td><td class=\"column-3\">SOJASUN Espoir ACNC<\/td>\n<\/tr>\n<tr class=\"row-18\">\n\t<td class=\"column-1\">2009<\/td><td class=\"column-2\">ENGOULVENT Jimmy<\/td><td class=\"column-3\">Besson Chaussures Sojasun<\/td>\n<\/tr>\n<tr class=\"row-19\">\n\t<td class=\"column-1\">2008<\/td><td class=\"column-2\">LANCON Fran\u00e7ois<\/td><td class=\"column-3\">Team U Nantes Atlantique<\/td>\n<\/tr>\n<tr class=\"row-20\">\n\t<td class=\"column-1\">2007<\/td><td class=\"column-2\">COTRET Nikolas<\/td><td class=\"column-3\">Cercle Gambetta Orl\u00e9ans Loiret<\/td>\n<\/tr>\n<tr class=\"row-21\">\n\t<td class=\"column-1\">2006<\/td><td class=\"column-2\">CAVET Tony<\/td><td class=\"column-3\">VC Evreux<\/td>\n<\/tr>\n<tr class=\"row-22\">\n\t<td class=\"column-1\">2005<\/td><td class=\"column-2\">DANION David<\/td><td class=\"column-3\">UC Sabl\u00e9<\/td>\n<\/tr>\n<tr class=\"row-23\">\n\t<td class=\"column-1\">2004<\/td><td class=\"column-2\">ROBIN Denis<\/td><td class=\"column-3\">Agritubel Loudun 86<\/td>\n<\/tr>\n<tr class=\"row-24\">\n\t<td class=\"column-1\">2003<\/td><td class=\"column-2\">DANION David<\/td><td class=\"column-3\">UCL Hennebont<\/td>\n<\/tr>\n<tr class=\"row-25\">\n\t<td class=\"column-1\">2002<\/td><td class=\"column-2\">BONNACE J\u00e9r\u00f4me<\/td><td class=\"column-3\">UC Ch\u00e2teauroux<\/td>\n<\/tr>\n<tr class=\"row-26\">\n\t<td class=\"column-1\">2001<\/td><td class=\"column-2\">THEBAULT Christophe<\/td><td class=\"column-3\">VC Dinan<\/td>\n<\/tr>\n<tr class=\"row-27\">\n\t<td class=\"column-1\">2000<\/td><td class=\"column-2\">JUDAS Guillaume<\/td><td class=\"column-3\">Jean Floc&rsquo;h Mantes<\/td>\n<\/tr>\n<tr class=\"row-28\">\n\t<td class=\"column-1\">1999<\/td><td class=\"column-2\">FLOCHLAY Yannick<\/td><td class=\"column-3\">VC Pontivy<\/td>\n<\/tr>\n<tr class=\"row-29\">\n\t<td class=\"column-1\">1998<\/td><td class=\"column-2\">LALLOUET Michel<\/td><td class=\"column-3\">VC Rouen<\/td>\n<\/tr>\n<tr class=\"row-30\">\n\t<td class=\"column-1\">1997<\/td><td class=\"column-2\">ROUXEL J-Philippe<\/td><td class=\"column-3\">Jean Floc&rsquo;h Mantes<\/td>\n<\/tr>\n<tr class=\"row-31\">\n\t<td class=\"column-1\">1996<\/td><td class=\"column-2\">MAUDUIT Philippe<\/td><td class=\"column-3\">Vend\u00e9e U<\/td>\n<\/tr>\n<tr class=\"row-32\">\n\t<td class=\"column-1\">1995<\/td><td class=\"column-2\">PUPSER Ercki<\/td><td class=\"column-3\">CC Louison Bobet<\/td>\n<\/tr>\n<tr class=\"row-33\">\n\t<td class=\"column-1\">1994<\/td><td class=\"column-2\">SAUGRAIN Cyril<\/td><td class=\"column-3\">Bataillon de Joinville<\/td>\n<\/tr>\n<tr class=\"row-34\">\n\t<td class=\"column-1\">1993<\/td><td class=\"column-2\">CURRIT J-Christophe<\/td><td class=\"column-3\">AS Corbeil Essonnes<\/td>\n<\/tr>\n<tr class=\"row-35\">\n\t<td class=\"column-1\">1992<\/td><td class=\"column-2\">LESNIEWSKI Marck<\/td><td class=\"column-3\">VC Nouzonville<\/td>\n<\/tr>\n<tr class=\"row-36\">\n\t<td class=\"column-1\">1991<\/td><td class=\"column-2\">URBANEK Andr\u00e9<\/td><td class=\"column-3\">AS Corbeil Essonnes<\/td>\n<\/tr>\n<tr class=\"row-37\">\n\t<td class=\"column-1\">1990<\/td><td class=\"column-2\">MAIGNAN Gilles<\/td><td class=\"column-3\">Bataillon de Joinville<\/td>\n<\/tr>\n<tr class=\"row-38\">\n\t<td class=\"column-1\">1989<\/td><td class=\"column-2\">PEYRIERAS Olivier<\/td><td class=\"column-3\">AS Corbeil Essonnes<\/td>\n<\/tr>\n<tr class=\"row-39\">\n\t<td class=\"column-1\">1988<\/td><td class=\"column-2\">CORVAISIER Eric<\/td><td class=\"column-3\">Anthony Berny Cycliste<\/td>\n<\/tr>\n<tr class=\"row-40\">\n\t<td class=\"column-1\">1987<\/td><td class=\"column-2\">CORVAISIER Eric<\/td><td class=\"column-3\">Anthony Berny Cycliste<\/td>\n<\/tr>\n<tr class=\"row-41\">\n\t<td class=\"column-1\">1986<\/td><td class=\"column-2\">CORVAISIER Eric<\/td><td class=\"column-3\">VC Fontainebleau<\/td>\n<\/tr>\n<tr class=\"row-42\">\n\t<td class=\"column-1\">1985<\/td><td class=\"column-2\">LOIZEAU St\u00e9phane<\/td><td class=\"column-3\">UC Cesson<\/td>\n<\/tr>\n<tr class=\"row-43\">\n\t<td class=\"column-1\">1984<\/td><td class=\"column-2\">DALIBARD Philippe<\/td><td class=\"column-3\">Redon OC<\/td>\n<\/tr>\n<\/tbody>\n<\/table>\n<!-- #tablepress-2 from cache -->\n<\/div>\n<\/div><\/div><\/div><\/div><\/div><\/div><\/div>\n<\/div>\n<\/div>\n<\/div>\n<\/div>\n<\/div>\n<\/div>\n\n\n\n<p><\/p>\n","protected":false},"excerpt":{"rendered":"","protected":false},"author":1,"featured_media":0,"parent":0,"menu_order":0,"comment_status":"closed","ping_status":"closed","template":"","meta":{"ngg_post_thumbnail":0,"footnotes":""},"class_list":["post-6038","page","type-page","status-publish","hentry"],"_links":{"self":[{"href":"https:\/\/www.acnc35.com\/cyclos\/index.php\/wp-json\/wp\/v2\/pages\/6038","targetHints":{"allow":["GET"]}}],"collection":[{"href":"https:\/\/www.acnc35.com\/cyclos\/index.php\/wp-json\/wp\/v2\/pages"}],"about":[{"href":"https:\/\/www.acnc35.com\/cyclos\/index.php\/wp-json\/wp\/v2\/types\/page"}],"author":[{"embeddable":true,"href":"https:\/\/www.acnc35.com\/cyclos\/index.php\/wp-json\/wp\/v2\/users\/1"}],"replies":[{"embeddable":true,"href":"https:\/\/www.acnc35.com\/cyclos\/index.php\/wp-json\/wp\/v2\/comments?post=6038"}],"version-history":[{"count":62,"href":"https:\/\/www.acnc35.com\/cyclos\/index.php\/wp-json\/wp\/v2\/pages\/6038\/revisions"}],"predecessor-version":[{"id":16090,"href":"https:\/\/www.acnc35.com\/cyclos\/index.php\/wp-json\/wp\/v2\/pages\/6038\/revisions\/16090"}],"wp:attachment":[{"href":"https:\/\/www.acnc35.com\/cyclos\/index.php\/wp-json\/wp\/v2\/media?parent=6038"}],"curies":[{"name":"wp","href":"https:\/\/api.w.org\/{rel}","templated":true}]}}