{"id":145,"date":"2016-12-30T19:24:58","date_gmt":"2016-12-30T18:24:58","guid":{"rendered":"https:\/\/www.acnc35.com\/cyclos\/?page_id=145"},"modified":"2023-12-20T18:06:34","modified_gmt":"2023-12-20T17:06:34","slug":"charte","status":"publish","type":"page","link":"https:\/\/www.acnc35.com\/cyclos\/index.php\/charte\/","title":{"rendered":"Charte"},"content":{"rendered":"<div id=\"pl-145\"  class=\"panel-layout\" ><div id=\"pg-145-0\"  class=\"panel-grid panel-no-style\" ><div id=\"pgc-145-0-0\"  class=\"panel-grid-cell\" ><div id=\"panel-145-0-0-0\" class=\"so-panel widget widget_sow-image panel-first-child panel-last-child\" data-index=\"0\" ><div class=\"panel-widget-style panel-widget-style-for-145-0-0-0\" ><div\n\t\t\t\n\t\t\tclass=\"so-widget-sow-image so-widget-sow-image-default-8b5b6f678277-145\"\n\t\t\t\n\t\t>\n<div class=\"sow-image-container\">\n\t\t<img \n\tsrc=\"https:\/\/www.acnc35.com\/cyclos\/wp-content\/uploads\/2016\/12\/charte.jpg\" width=\"485\" height=\"176\" srcset=\"https:\/\/www.acnc35.com\/cyclos\/wp-content\/uploads\/2016\/12\/charte.jpg 485w, https:\/\/www.acnc35.com\/cyclos\/wp-content\/uploads\/2016\/12\/charte-300x109.jpg 300w\" sizes=\"(max-width: 485px) 100vw, 485px\" alt=\"\" \t\tclass=\"so-widget-image\"\/>\n\t<\/div>\n\n<\/div><\/div><\/div><\/div><\/div><div id=\"pg-145-1\"  class=\"panel-grid panel-no-style\" ><div id=\"pgc-145-1-0\"  class=\"panel-grid-cell\" ><div id=\"panel-145-1-0-0\" class=\"so-panel widget widget_sow-editor panel-first-child panel-last-child\" data-index=\"1\" ><div\n\t\t\t\n\t\t\tclass=\"so-widget-sow-editor so-widget-sow-editor-base\"\n\t\t\t\n\t\t>\n<div class=\"siteorigin-widget-tinymce textwidget\">\n\t<p><img loading=\"lazy\" decoding=\"async\" class=\"alignnone wp-image-5828 size-large\" src=\"https:\/\/www.acnc35.com\/cyclos\/wp-content\/uploads\/2022\/01\/CHARTE-5-page-001-724x1024.jpg\" alt=\"\" width=\"525\" height=\"743\" srcset=\"https:\/\/www.acnc35.com\/cyclos\/wp-content\/uploads\/2022\/01\/CHARTE-5-page-001-724x1024.jpg 724w, https:\/\/www.acnc35.com\/cyclos\/wp-content\/uploads\/2022\/01\/CHARTE-5-page-001-212x300.jpg 212w, https:\/\/www.acnc35.com\/cyclos\/wp-content\/uploads\/2022\/01\/CHARTE-5-page-001-768x1086.jpg 768w, https:\/\/www.acnc35.com\/cyclos\/wp-content\/uploads\/2022\/01\/CHARTE-5-page-001-600x849.jpg 600w, https:\/\/www.acnc35.com\/cyclos\/wp-content\/uploads\/2022\/01\/CHARTE-5-page-001-1086x1536.jpg 1086w, https:\/\/www.acnc35.com\/cyclos\/wp-content\/uploads\/2022\/01\/CHARTE-5-page-001.jpg 1240w\" sizes=\"auto, (max-width: 525px) 100vw, 525px\" \/><\/p>\n<\/div>\n<\/div><\/div><\/div><div id=\"pgc-145-1-1\"  class=\"panel-grid-cell\" ><div id=\"panel-145-1-1-0\" class=\"so-panel widget widget_sow-editor panel-first-child panel-last-child\" data-index=\"2\" ><div\n\t\t\t\n\t\t\tclass=\"so-widget-sow-editor so-widget-sow-editor-base\"\n\t\t\t\n\t\t>\n<div class=\"siteorigin-widget-tinymce textwidget\">\n\t\n<!-- G\u00e9n\u00e9ration r\u00e9alis\u00e9e avec Document Gallery. Obtenez votre version ici :http:\/\/wordpress.org\/extend\/plugins\/document-gallery -->\n<div id=\"document-gallery-1\" class=\"document-gallery\" data-shortcode='{\"id\":145,\"include\":\"5831\",\"exclude\":\"\",\"attachment_pg\":false,\"columns\":1,\"descriptions\":false,\"fancy\":true,\"limit\":-1,\"mime_types\":\"application,video,text,audio,image\",\"new_window\":false,\"order\":\"ASC\",\"orderby\":\"post__in\",\"paginate\":true,\"post_status\":\"any\",\"post_type\":\"attachment\",\"relation\":\"AND\",\"skip\":0}' style='--dg-icon-width: 99%'>\n<div class='document-icon-row'>\n   <div class=\"document-icon\">\n      <a href=\"https:\/\/www.acnc35.com\/cyclos\/wp-content\/uploads\/2022\/01\/CHARTE-5.pdf\" target=\"_self\">\n         <img decoding=\"async\" src=\"https:\/\/www.acnc35.com\/cyclos\/wp-content\/uploads\/2022\/01\/CHARTE-5-thumb.png\" title=\"CHARTE\" alt=\"CHARTE\" data-ext=\"pdf\"\/>\n         <span class=\"title\">CHARTE<\/span>\n      <\/a>\n   <\/div>\n\n<\/div>\n<\/div>\n<\/div>\n<\/div><\/div><\/div><\/div><\/div>","protected":false},"excerpt":{"rendered":"<p>CHARTE<\/p>\n","protected":false},"author":1,"featured_media":0,"parent":0,"menu_order":0,"comment_status":"closed","ping_status":"closed","template":"","meta":{"ngg_post_thumbnail":0,"footnotes":""},"class_list":["post-145","page","type-page","status-publish","hentry"],"_links":{"self":[{"href":"https:\/\/www.acnc35.com\/cyclos\/index.php\/wp-json\/wp\/v2\/pages\/145","targetHints":{"allow":["GET"]}}],"collection":[{"href":"https:\/\/www.acnc35.com\/cyclos\/index.php\/wp-json\/wp\/v2\/pages"}],"about":[{"href":"https:\/\/www.acnc35.com\/cyclos\/index.php\/wp-json\/wp\/v2\/types\/page"}],"author":[{"embeddable":true,"href":"https:\/\/www.acnc35.com\/cyclos\/index.php\/wp-json\/wp\/v2\/users\/1"}],"replies":[{"embeddable":true,"href":"https:\/\/www.acnc35.com\/cyclos\/index.php\/wp-json\/wp\/v2\/comments?post=145"}],"version-history":[{"count":12,"href":"https:\/\/www.acnc35.com\/cyclos\/index.php\/wp-json\/wp\/v2\/pages\/145\/revisions"}],"predecessor-version":[{"id":15189,"href":"https:\/\/www.acnc35.com\/cyclos\/index.php\/wp-json\/wp\/v2\/pages\/145\/revisions\/15189"}],"wp:attachment":[{"href":"https:\/\/www.acnc35.com\/cyclos\/index.php\/wp-json\/wp\/v2\/media?parent=145"}],"curies":[{"name":"wp","href":"https:\/\/api.w.org\/{rel}","templated":true}]}}